{"id":773,"date":"2021-03-15T13:47:49","date_gmt":"2021-03-15T12:47:49","guid":{"rendered":"http:\/\/opticlardenne.com\/?page_id=773"},"modified":"2021-04-17T18:40:26","modified_gmt":"2021-04-17T17:40:26","slug":"mentions-legales","status":"publish","type":"page","link":"https:\/\/opticlardenne.com\/index.php\/mentions-legales\/","title":{"rendered":"Mentions l\u00e9gales"},"content":{"rendered":"<h3><strong>Informations soci\u00e9t\u00e9<br \/><\/strong><\/h3>\n<p><strong>Raison sociale: <\/strong>LADORE \/ OPTIQUE DE LARDENNE<br \/>2 ter, all\u00e9e du Dr Zamenhof 31 100 Toulouse.<\/p>\n<p><strong>T\u00e9l:<\/strong> 05 34 56 31 45<\/p>\n<p><strong>Email :<\/strong> opticlardenne@orange.fr<\/p>\n<p><strong>Forme juridique : <\/strong>Soci\u00e9t\u00e9 \u00e0 responsabilit\u00e9 limit\u00e9e ( soci\u00e9t\u00e9 \u00e0 associ\u00e9 unique ) au capital de 7622,45 euros.<\/p>\n<p><strong>RCS : <\/strong>418 349 122 R.C.S Toulouse.<\/p>\n<p><strong>SIRET :<\/strong> 41834912200022<\/p>\n<h3><strong>Informations site internet :<\/strong><\/h3>\n<p><strong>Responsable de la publication : <\/strong>Franck LATSCHA.<strong><br \/><\/strong><\/p>\n<p><strong>H\u00e9bergement :<\/strong> OVH \u2013 2 rue Kellermann 59100 Roubaix \u2013 France \u2013 www.ovh.com<\/p>\n<p>Le site s\u2019engage \u00e0 garantir la confidentialit\u00e9 des informations pouvant \u00eatre recueillies aupr\u00e8s des internautes. Ces informations ne sont en aucun cas c\u00e9d\u00e9es ou rendues accessibles \u00e0 une entit\u00e9 tierce.<\/p>\n<p>L\u2019utilisateur du site internet www.opticlardenne.com reconna\u00eet disposer de la comp\u00e9tence et des moyens n\u00e9cessaires pour acc\u00e9der et utiliser ce site. Il reconna\u00eet \u00e9galement avoir pris connaissance de la pr\u00e9sente notice l\u00e9gale et s\u2019engage \u00e0 la respecter.<\/p>\n<p>L\u2019utilisateur est inform\u00e9 que lors de ses visites sur le site, des cookies peuvent s\u2019installer automatiquement sur son logiciel de navigation (par exemple, dans le cadre de mesures d\u2019audience ou de fonctionnalit\u00e9s li\u00e9es aux r\u00e9seaux sociaux). Un cookie est un \u00e9l\u00e9ment qui ne permet pas d\u2019identifier l\u2019utilisateur mais sert \u00e0 enregistrer des informations relatives \u00e0 la navigation de celui-ci sur le site Internet. L\u2019utilisateur pourra d\u00e9sactiver ce cookie par l\u2019interm\u00e9diaire des param\u00e8tres figurant au sein de son logiciel de navigation.<\/p>\n<p>L\u2019utilisateur dispose d\u2019un droit d\u2019acc\u00e8s, de modification, de rectification et de suppression des donn\u00e9es qui le concernent (article 34 de la loi \u201cInformatique et Libert\u00e9s\u201d).<br \/>Pour l\u2019exercer, l\u2019utilisateur peut s\u2019adresser aupr\u00e8s du Directeur de la publication vis\u00e9 plus haut.<\/p>\n<p>Toute repr\u00e9sentation totale ou partielle de ce site par quelque proc\u00e9d\u00e9 que ce soit, sans l\u2019autorisation expresse de l\u2019exploitant du site Internet est interdite et constituerait une contrefa\u00e7on sanctionn\u00e9e par les article L 335-2 et suivants du Code de la propri\u00e9t\u00e9 intellectuelle.<\/p>\n<p>Il en est de m\u00eame des \u00e9ventuelles bases de donn\u00e9es figurant sur le site Internet qui sont prot\u00e9g\u00e9es par les dispositions de la loi du 11 juillet 1998 portant transposition dans le Code de la propri\u00e9t\u00e9 intellectuelle (CPI) de la directive europ\u00e9enne du 11 mars 1996 relative \u00e0 la protection juridique des bases de donn\u00e9es.<\/p>\n<p>Les marques de l\u2019exploitant du site Internet et de ses partenaires, ainsi que les logos figurant sur le site sont des \u00e9l\u00e9ments prot\u00e9g\u00e9s par les dispositions du droit de la propri\u00e9t\u00e9 intellectuelle et ne peuvent faire l\u2019objet, sans consentement du Directeur de la publication, d\u2019aucune reproduction ni repr\u00e9sentation partielle ou totale.<\/p>\n<h3>Utilisation de vos donn\u00e9es personnelles<\/h3>\n<p>Nous veillons \u00e0 respecter le RGPD (R\u00e8glement g\u00e9n\u00e9ral de protection des donn\u00e9es) europ\u00e9en entr\u00e9 en vigueur le 25 mai 2018.\u00a0 Le site s\u2019engage \u00e0 garantir la confidentialit\u00e9 des informations pouvant \u00eatre recueillies aupr\u00e8s des internautes. Ces informations ne sont en aucun cas c\u00e9d\u00e9es ou rendues accessibles \u00e0 une entit\u00e9 tierce.<\/p>\n<p>Conform\u00e9ment \u00e0 la Loi Informatique et Libert\u00e9s du 6 janvier 1978, l\u2019internaute dispose d\u2019un droit d\u2019acc\u00e8s et de rectification ou de suppressions des donn\u00e9es personnelles le concernant. Il peut exercer ce droit en s\u2019adressant directement <strong>par courrier \u00e0<\/strong> <strong>Optique de lardenne <\/strong>2 ter, all\u00e9e du Dr Zamenhof 31 100 Toulouse, <strong>ou par mail<\/strong> :\u00a0<strong>opticlardenne@orange.fr<\/strong><\/p>\n<h3><strong>Autres informations<\/strong><\/h3>\n<p><strong>Les lunettes correctrices et les lentilles de contact constituent des dispositifs m\u00e9dicaux qui sont des produits de sant\u00e9 r\u00e9glement\u00e9s portant, au titre de cette r\u00e9glementation, le marquage CE. Demandez conseil \u00e0 votre opticien.<\/strong><\/p>\n\n\n<p><\/p>\n","protected":false},"excerpt":{"rendered":"<p>Informations soci\u00e9t\u00e9 Raison sociale: LADORE \/ OPTIQUE DE LARDENNE2 ter, all\u00e9e du Dr Zamenhof 31 100 Toulouse. T\u00e9l: 05 34 56 31 45 Email : opticlardenne@orange.fr Forme juridique : Soci\u00e9t\u00e9 \u00e0 responsabilit\u00e9 limit\u00e9e ( soci\u00e9t\u00e9 \u00e0 associ\u00e9 unique ) au capital de 7622,45 euros. RCS : 418 349 122 R.C.S Toulouse. SIRET : 41834912200022 Informations [&hellip;]<\/p>\n","protected":false},"author":1,"featured_media":0,"parent":0,"menu_order":0,"comment_status":"closed","ping_status":"closed","template":"","meta":[],"_links":{"self":[{"href":"https:\/\/opticlardenne.com\/index.php\/wp-json\/wp\/v2\/pages\/773"}],"collection":[{"href":"https:\/\/opticlardenne.com\/index.php\/wp-json\/wp\/v2\/pages"}],"about":[{"href":"https:\/\/opticlardenne.com\/index.php\/wp-json\/wp\/v2\/types\/page"}],"author":[{"embeddable":true,"href":"https:\/\/opticlardenne.com\/index.php\/wp-json\/wp\/v2\/users\/1"}],"replies":[{"embeddable":true,"href":"https:\/\/opticlardenne.com\/index.php\/wp-json\/wp\/v2\/comments?post=773"}],"version-history":[{"count":21,"href":"https:\/\/opticlardenne.com\/index.php\/wp-json\/wp\/v2\/pages\/773\/revisions"}],"predecessor-version":[{"id":828,"href":"https:\/\/opticlardenne.com\/index.php\/wp-json\/wp\/v2\/pages\/773\/revisions\/828"}],"wp:attachment":[{"href":"https:\/\/opticlardenne.com\/index.php\/wp-json\/wp\/v2\/media?parent=773"}],"curies":[{"name":"wp","href":"https:\/\/api.w.org\/{rel}","templated":true}]}}

Mentions légales

<h3><strong>Informations société<br /></strong></h3>
<p><strong>Raison sociale: </strong>LADORE / OPTIQUE DE LARDENNE<br />2 ter, allée du Dr Zamenhof 31 100 Toulouse.</p>
<p><strong>Tél:</strong> 05 34 56 31 45</p>
<p><strong>Email :</strong> opticlardenne@orange.fr</p>
<p><strong>Forme juridique : </strong>Société à responsabilité limitée ( société à associé unique ) au capital de 7622,45 euros.</p>
<p><strong>RCS : </strong>418 349 122 R.C.S Toulouse.</p>
<p><strong>SIRET :</strong> 41834912200022</p>
<h3><strong>Informations site internet :</strong></h3>
<p><strong>Responsable de la publication : </strong>Franck LATSCHA.<strong><br /></strong></p>
<p><strong>Hébergement :</strong> OVH – 2 rue Kellermann 59100 Roubaix – France – www.ovh.com</p>
<p>Le site s’engage à garantir la confidentialité des informations pouvant être recueillies auprès des internautes. Ces informations ne sont en aucun cas cédées ou rendues accessibles à une entité tierce.</p>
<p>L’utilisateur du site internet www.opticlardenne.com reconnaît disposer de la compétence et des moyens nécessaires pour accéder et utiliser ce site. Il reconnaît également avoir pris connaissance de la présente notice légale et s’engage à la respecter.</p>
<p>L’utilisateur est informé que lors de ses visites sur le site, des cookies peuvent s’installer automatiquement sur son logiciel de navigation (par exemple, dans le cadre de mesures d’audience ou de fonctionnalités liées aux réseaux sociaux). Un cookie est un élément qui ne permet pas d’identifier l’utilisateur mais sert à enregistrer des informations relatives à la navigation de celui-ci sur le site Internet. L’utilisateur pourra désactiver ce cookie par l’intermédiaire des paramètres figurant au sein de son logiciel de navigation.</p>
<p>L’utilisateur dispose d’un droit d’accès, de modification, de rectification et de suppression des données qui le concernent (article 34 de la loi “Informatique et Libertés”).<br />Pour l’exercer, l’utilisateur peut s’adresser auprès du Directeur de la publication visé plus haut.</p>
<p>Toute représentation totale ou partielle de ce site par quelque procédé que ce soit, sans l’autorisation expresse de l’exploitant du site Internet est interdite et constituerait une contrefaçon sanctionnée par les article L 335-2 et suivants du Code de la propriété intellectuelle.</p>
<p>Il en est de même des éventuelles bases de données figurant sur le site Internet qui sont protégées par les dispositions de la loi du 11 juillet 1998 portant transposition dans le Code de la propriété intellectuelle (CPI) de la directive européenne du 11 mars 1996 relative à la protection juridique des bases de données.</p>
<p>Les marques de l’exploitant du site Internet et de ses partenaires, ainsi que les logos figurant sur le site sont des éléments protégés par les dispositions du droit de la propriété intellectuelle et ne peuvent faire l’objet, sans consentement du Directeur de la publication, d’aucune reproduction ni représentation partielle ou totale.</p>
<h3>Utilisation de vos données personnelles</h3>
<p>Nous veillons à respecter le RGPD (Règlement général de protection des données) européen entré en vigueur le 25 mai 2018.  Le site s’engage à garantir la confidentialité des informations pouvant être recueillies auprès des internautes. Ces informations ne sont en aucun cas cédées ou rendues accessibles à une entité tierce.</p>
<p>Conformément à la Loi Informatique et Libertés du 6 janvier 1978, l’internaute dispose d’un droit d’accès et de rectification ou de suppressions des données personnelles le concernant. Il peut exercer ce droit en s’adressant directement <strong>par courrier à</strong> <strong>Optique de lardenne </strong>2 ter, allée du Dr Zamenhof 31 100 Toulouse, <strong>ou par mail</strong> : <strong>opticlardenne@orange.fr</strong></p>
<h3><strong>Autres informations</strong></h3>
<p><strong>Les lunettes correctrices et les lentilles de contact constituent des dispositifs médicaux qui sont des produits de santé réglementés portant, au titre de cette réglementation, le marquage CE. Demandez conseil à votre opticien.</strong></p>


<p></p>

<p>Informations société Raison sociale: LADORE / OPTIQUE DE LARDENNE2 ter, allée du Dr Zamenhof 31 100 Toulouse. Tél: 05 34 56 31 45 Email : opticlardenne@orange.fr Forme juridique : Société à responsabilité limitée ( société à associé unique ) au capital de 7622,45 euros. RCS : 418 349 122 R.C.S Toulouse. SIRET : 41834912200022 Informations [&hellip;]</p>
